tive of -x**6/120 + x**5/15 + 5*x**4/24 - x**3/2 - x**2. What is a(y)?
-3
Let u = 8 - 14. Let k be u/(-27) - (-43)/9. Let w(b) = -4*b**2 + 0*b + b**3 + 2 + b - b**2. Calculate w(k).
7
Let w(c) = c**2 - 3*c + 2. Let s(l) = l**3 + 14*l**2 - 2*l - 19. Let h be s(-14). Let x = -7 + h. Determine w(x).
0
Let b(u) = -u**2 - 5*u + 4. Suppose 3 = j + 1. Let t = j - 2. Suppose t = -s - 1 - 3. Determine b(s).
8
Let v(z) = z**2 - 1. Let k be v(-1). Let f be k/(-1) - (15 - 9). Let l(q) = -q**2 - 7*q - 7. Give l(f).
-1
Let g = 46 + -52. Let k(j) = -14*j**2 + 38*j + 24. Let d(a) = 5*a**2 - 13*a - 8. Let h(s) = -17*d(s) - 6*k(s). Determine h(g).
-2
Let l = 12 - 7. Let v(p) = p. Let s(f) = -f + 4. Let r(o) = s(o) + 3*v(o). Determine r(l).
14
Let b(k) be the first derivative of 1/60*k**5 + 2*k**2 - 1/24*k**4 + k**3 - 4 + 0*k. Let m(t) be the second derivative of b(t). Calculate m(0).
6
Let w(y) = 4*y - 2*y - 5*y + 1. Suppose 3*b - 7 = -5*j + 4*b, -2*j + 5*b - 11 = 0. Suppose 3*n + 6 = 0, 0 = -2*h - 2*h - 5*n + j. What is w(h)?
-8
Let q(g) = 22 - 4*g + 0*g - 24 + 8*g. Give q(-2).
-10
Let h(f) = 5*f**3 - 12*f**2 + f - 1. Let t(d) = 14*d**3 - 35*d**2 + 4*d - 3. Let g(j) = -17*h(j) + 6*t(j). Determine g(-7).
-1
Let l = 16 + -12. Let c(q) = -q**2 + 4*q + 1. Calculate c(l).
1
Let d(i) be the first derivative of -i**4/4 - 2*i**3 + 2*i + 1. Let f = -13 + 7. What is d(f)?
2
Let i(q) = -3*q. Let p be i(-2). Let k(w) = w**2 - w - p + 6. What is k(3)?
6
Let k(j) = -6*j**2 - 2*j. Let h(m) = -5*m**2 - 3*m. Let d(v) = 2*h(v) - 3*k(v). Let n(c) = -16*c**2. Let u(b) = 9*d(b) + 4*n(b). Give u(-1).
8
Let y(i) = 11*i**3 + i - 1. Let u be 2*-1 - (-5)/1. Let p be -3 - (-2 - -2 - 1). Let b = p + u. Determine y(b).
11
Let t(i) be the third derivative of 5/24*i**4 + 0*i + i**3 + 1/120*i**6 + 0 + i**2 - 1/10*i**5. Suppose 0 = -3*m + 4*m - 5. What is t(m)?
6
Let l(h) = 2*h + 2. Let g(r) = -r - 2. Let f(b) = 2*g(b) + 3*l(b). Calculate f(2).
10
Suppose 0 = 3*p - 2 + 8. Let i(b) be the first derivative of -3*b - 3/2*b**2 - 1. Give i(p).
3
Let n be 5/15 + (-32)/6. Let d be -1*(n/1 + 2). Let m(h) = h + 3 + h**2 + h**d - h**2 + 4*h**2 - 5*h. Give m(-5).
-2
Let z(n) = -2 - 1 + 2 + 5*n - 2*n + 4*n**2. What is z(2)?
21
Let c = 7 + -3. Let v(x) = -1 - 3*x**2 + x**3 + 0*x**2 + x - 6*x - 2. Calculate v(c).
-7
Let x(g) be the second derivative of -7*g**5/20 - g**4/12 - 3*g. Calculate x(-1).
6
Let z(p) be the first derivative of p**4/24 + 5*p**2/2 - 3. Let f(w) be the second derivative of z(w). Calculate f(0).
0
Let i(b) = 4*b**2 - 2*b + 1. Let r = -4 - -7. Suppose 4*f = f + r. What is i(f)?
3
Let u(z) = -z**2 - 4*z + 2*z + 3 + 0*z. Let s = -147 - -144. What is u(s)?
0
Let l(v) = 2*v - 14. Let g(t) = 2. Let m(x) = -5*g(x) - l(x). Let c be 4/10 - (-46)/10. Give m(c).
-6
Let k be ((-6)/15)/((-1)/(-5)). Let s(u) be the second derivative of -1/12*u**4 - 2*u + 0 - u**2 - 1/3*u**3. Calculate s(k).
-2
Let q(o) = o - 10. Let h be q(9). Let z be (h + 1/(-1))*2. Let n(j) = -j - 2. What is n(z)?
2
Let b(k) = 2*k + 7. Let x be b(-5). Let h = x - -8. Let g(w) = w**2 + 1 + 1 - h - w. Give g(4).
9
Let h = 0 + 4. Let s(c) = -c**3 + 5*c**2 + 2*c - 8. Let v(k) = -4*k**3 + 21*k**2 + 7*k - 33. Let b(d) = 9*s(d) - 2*v(d). Calculate b(h).
-6
Let s(u) be the second derivative of u**7/2520 + u**6/120 - u**5/24 + u**4/6 + 4*u. Let z(y) be the third derivative of s(y). Calculate z(-6).
-5
Let b(m) = -1 + 6*m + 78*m**2 - 77*m**2 - 2. What is b(-4)?
-11
Let t = -48 - -42. Let l(x) = x**3 + 6*x**2 + 2*x + 5. Give l(t).
-7
Let q(m) = 8*m**3 + 0 - 5 - 9*m**3 + 0*m**2 - 6*m**2 - 6*m. What is q(-5)?
0
Let j(h) = 2*h**2 + 4*h + 3. Let n be j(-2). Let m(k) = -k**2 + 3*k - 1. Determine m(n).
-1
Suppose -2*l + 3 = -3*l. Suppose -3*o + 9 + 12 = 0. Let f(v) = 4*v + 2*v - v**2 - o*v. Determine f(l).
-6
Let q(j) = -j**2 + 7*j - 3. Suppose -30 = -9*a + 4*a + 3*p, -12 = -2*a + 2*p. What is q(a)?
3
Let n(h) be the second derivative of -h**4/12 - h**3 - 7*h**2/2 - 4*h. What is n(-5)?
-2
Let o(a) = 0 - 7*a**2 + 1 + 5*a - 4*a. What is o(-1)?
-7
Suppose -c + 2*i - 7 = 3, 0 = 2*c - 2*i + 14. Let k(w) = 2*w + 6. What is k(c)?
-2
Suppose -4*f + 24 - 16 = 0. Let o(w) = -6*w**2 + w + 2. Determine o(f).
-20
Let p(g) be the second derivative of -1/6*g**3 + 0*g**6 + 0*g**5 + 0*g**4 + 0 - g + 0*g**2 + 1/168*g**7. Let l(a) be the second derivative of p(a). Give l(1).
5
Let m(h) = 1 + 2*h - 3 - 4 + 3. Determine m(3).
3
Let w(c) = -c**2 - c - 1. Let o be w(-2). Let d(u) be the first derivative of -u**4/4 - 2*u**3/3 + 2*u**2 + 4*u - 3. Calculate d(o).
1
Let f(s) be the third derivative of s**4/12 - s**3/6 - s**2. Let u be f(2). Let g(k) = -3*k + 3. What is g(u)?
-6
Suppose -2*k + 6 = 3*x, -3*k + 0 = 2*x - 4. Let u(b) be the third derivative of 1/24*b**4 - 1/3*b**3 + k - 3*b**2 + 0*b. Determine u(-2).
-4
Let s(p) = p**3 - 2*p**2 - 3*p - 2. Let r be (-2)/3 - (-14)/3. Suppose 0*u + r = 2*u. Let a be 6/u - (3 + -3). What is s(a)?
-2
Let v(f) = 4*f**3 + f**2 + 2*f - 2. Let z be v(1). Let d(r) = -r**2 + 6*r + 2. What is d(z)?
7
Let c(q) = 2*q**2 + 11*q + 11. Let l be c(-4). Let o(s) = -2*s**3 + 2*s**2 - 1. What is o(l)?
3
Let j(n) be the second derivative of -n**6/360 - n**5/20 + 5*n**4/12 - n**3/2 - 2*n. Let p(h) be the second derivative of j(h). Calculate p(-8).
-6
Let c(m) be the third derivative of 1/12*m**4 + 0 + 1/60*m**5 + 1/6*m**3 - 2*m**2 + 0*m. Determine c(-1).
0
Suppose -4*f = -5*m + 13, 0 = -m + 3*f - 2 + 9. Let c(v) = -v**3 + v**2 - v. Determine c(m).
-1
Suppose 2*y = -20*y + 66. Let f(a) = -a**2 + 3*a. Give f(y).
0
Let k = -12 - -6. Let w(d) = -1. Let g(n) = n + 12. Let p(v) = g(v) + 5*w(v). Give p(k).
1
Let o be (-1)/(3/(-33))*1. Suppose -2*j + j = 5*r - 20, o = 2*r + j. Let z(y) = r - 3*y + 4*y - 2. What is z(-3)?
-2
Suppose 21 = -4*l - x, 7*x = 3*l + 4*x - 3. Let s(w) be the third derivative of w**5/60 + w**4/12 - w**3/6 - w**2. Calculate s(l).
7
Let i be 3/7 + (-32)/(-56). Let c(a) = a + 0 - a**2 - i + 2 + 2*a**2. Determine c(-4).
13
Let u be 12/(-10)*(-50)/15. Let p(v) = -5*v**2 + v**2 + 3*v**2 + u*v - 1 + 2*v**2. What is p(-5)?
4
Let z(y) = -y**3 - y**2 + 5*y + 3. Suppose 0 = 4*o + 12 + 8. Let i(g) = g**2 + 4*g - 7. Let n be i(-5). Let l = o - n. Calculate z(l).
6
Let k(u) = 7*u**2 + 5*u - 2. Let c(r) = 8*r**2 + 5*r - 1. Let m(l) = 6*c(l) - 7*k(l). Let w = -27 + 21. Give m(w).
2
Let f(a) be the second derivative of -a**5/40 + a**4/8 + a**3/3 + 10*a. Let r(i) be the second derivative of f(i). Determine r(4).
-9
Let a(w) be the first derivative of -7/6*w**3 - 2*w - 1/2*w**2 + 2. Let u(r) be the first derivative of a(r). Determine u(-1).
6
Let z(a) = -20*a. Suppose 11*l - 7*l = 4. Give z(l).
-20
Let o be 4 + -6 - -1*4. Let p(v) = -2*v**3 + v**2 + v + 2. Give p(o).
-8
Let y(k) = 4*k - 7. Let p(b) = -2*b + b + 0*b. Let j(q) = 3*p(q) + y(q). Let s be j(7). Let o(m) = -m**3 - m**2 + m + 4. Calculate o(s).
4
Let h(w) be the second derivative of -3*w**2 + 1/6*w**3 + 0 - 3*w. Calculate h(4).
-2
Let s(c) = -7*c**2 + 6*c**2 + c - c**2 + 7 - 3*c**2 - c**3. Give s(-5).
2
Suppose -14 = 3*s - 5. Let i(q) = -q**2 - q + 2. What is i(s)?
-4
Let l(r) be the second derivative of -2*r**3/3 + 3*r**2/2 - 4*r. Let n(h) = -h + 1. Let u(v) = -l(v) + 3*n(v). Calculate u(5).
5
Suppose j - 8 = -4*f + 2, 4*f + 4*j - 4 = 0. Let a(c) be the third derivative of 1/24*c**4 + 0 + c**2 - 2/3*c**f + 0*c. Calculate a(4).
0
Let x(a) = -a. Let c = 10 - 17. Let g = c + 9. Determine x(g).
-2
Let n = -5 - -7. Suppose 1 = n*k + 5*o, 2*o = 1 + 5. Let w = k + 3. Let m(g) = -g - 1. What is m(w)?
3
Let a be 7*(2 - (4 + -3)). Let z = a - 9. Let x(g) = -g**3 - g**2. What is x(z)?
4
Let q(f) = -f**2 - f - 1. Suppose 0 = 5*j - w - 110, 4*j = -w - 3*w + 88. Suppose -5*m - j = 2*y, y = -3*y - m - 8. Give q(y).
-1
Suppose 5*k - 16 = -2*n, -4*n + 15 = n. Suppose 22 = 4*q - 2*t, k*t = 4*q + t - 25. Let m(z) = -z**3 + 6*z**2 + 5*z + 8. Determine m(q).
-6
Suppose -22 + 6 = -4*s. Let l be 10/(-8) - (-1)/s. Let h(n) = -n**2 - 2*n - 1. Let z(k) = -k. Let r(f) = l*h(f) - 4*z(f). Give r(-5).
-4
Let t(o) = o**2 + o + 5. Let u = 6 + -5. Let h be (u + -1)*4/4. What is t(h)?
5
Let q(x) = x. Suppose -2*w + b = -29, -4*w + 63 = 6*b - 3*b. Suppose 0 = -3*a + 4*l + 2 + 1, 5*l = -w. Give q(a).
-3
Let y be (-82)/16 -